{"id":17,"date":"2019-08-26T07:07:05","date_gmt":"2019-08-26T07:07:05","guid":{"rendered":"http:\/\/bethge-roedenbeck.de\/?page_id=17"},"modified":"2021-07-13T15:34:23","modified_gmt":"2021-07-13T15:34:23","slug":"startseite","status":"publish","type":"page","link":"https:\/\/bethge-roedenbeck.de\/","title":{"rendered":"Willkommen"},"content":{"rendered":"\n<p class=\"has-text-align-center\">\nHerzlich Willkommen auf der Homepage der<br><strong>Rechtsanw\u00e4lte Bethge &amp; R\u00f6denbeck<\/strong><\/p>\n\n\n\n<div class=\"wp-block-image\"><figure class=\"aligncenter\"><img loading=\"lazy\" decoding=\"async\" width=\"258\" height=\"400\" src=\"https:\/\/bethge-roedenbeck.de\/wp-content\/uploads\/2019\/09\/kanzlei_front.jpg\" alt=\"\" class=\"wp-image-179\" srcset=\"https:\/\/bethge-roedenbeck.de\/wp-content\/uploads\/2019\/09\/kanzlei_front.jpg 258w, https:\/\/bethge-roedenbeck.de\/wp-content\/uploads\/2019\/09\/kanzlei_front-194x300.jpg 194w\" sizes=\"auto, (max-width: 258px) 100vw, 258px\" \/><\/figure><\/div>\n\n\n\n<p class=\"has-text-align-center\"> Auf den  folgenden Seiten m\u00f6chten wir Sie \u00fcber unsere <a href=\"https:\/\/bethge-roedenbeck.de\/?page_id=47\">Kanzlei<\/a> in 21335 L\u00fcneburg, An den Brodb\u00e4nken 5, unsere  <a href=\"https:\/\/bethge-roedenbeck.de\/?page_id=68\">Arbeitsweise<\/a> sowie \u00fcber die von uns bearbeiteten <a href=\"https:\/\/bethge-roedenbeck.de\/?page_id=72\">Rechtsgebiete<\/a>  informieren.   <\/p>\n\n\n\n<p>Rechtsanw\u00e4lte L\u00fcneburg &#8211; Bethge &amp; R\u00f6denbeck &#8211; Fachanwalt Verkehrsrecht &#8211; Familienrecht &#8211; Strafrecht &#8211; Erbrecht &#8211; Mietrecht &#8211; Arbeitsrecht<\/p>\n","protected":false},"excerpt":{"rendered":"<p>Herzlich Willkommen auf der Homepage derRechtsanw\u00e4lte Bethge &amp; R\u00f6denbeck Auf den folgenden Seiten m\u00f6chten wir Sie \u00fcber unsere Kanzlei in 21335 L\u00fcneburg, An den Brodb\u00e4nken 5, unsere Arbeitsweise sowie \u00fcber die von uns bearbeiteten Rechtsgebiete informieren. Rechtsanw\u00e4lte L\u00fcneburg &#8211; Bethge &amp; R\u00f6denbeck &#8211; Fachanwalt Verkehrsrecht &#8211; Familienrecht &#8211; Strafrecht &#8211; Erbrecht &#8211; Mietrecht &#8211; Arbeitsrecht<\/p>\n","protected":false},"author":1,"featured_media":0,"parent":0,"menu_order":0,"comment_status":"closed","ping_status":"closed","template":"","meta":{"footnotes":""},"class_list":["post-17","page","type-page","status-publish","hentry"],"_links":{"self":[{"href":"https:\/\/bethge-roedenbeck.de\/index.php?rest_route=\/wp\/v2\/pages\/17","targetHints":{"allow":["GET"]}}],"collection":[{"href":"https:\/\/bethge-roedenbeck.de\/index.php?rest_route=\/wp\/v2\/pages"}],"about":[{"href":"https:\/\/bethge-roedenbeck.de\/index.php?rest_route=\/wp\/v2\/types\/page"}],"author":[{"embeddable":true,"href":"https:\/\/bethge-roedenbeck.de\/index.php?rest_route=\/wp\/v2\/users\/1"}],"replies":[{"embeddable":true,"href":"https:\/\/bethge-roedenbeck.de\/index.php?rest_route=%2Fwp%2Fv2%2Fcomments&post=17"}],"version-history":[{"count":12,"href":"https:\/\/bethge-roedenbeck.de\/index.php?rest_route=\/wp\/v2\/pages\/17\/revisions"}],"predecessor-version":[{"id":261,"href":"https:\/\/bethge-roedenbeck.de\/index.php?rest_route=\/wp\/v2\/pages\/17\/revisions\/261"}],"wp:attachment":[{"href":"https:\/\/bethge-roedenbeck.de\/index.php?rest_route=%2Fwp%2Fv2%2Fmedia&parent=17"}],"curies":[{"name":"wp","href":"https:\/\/api.w.org\/{rel}","templated":true}]}}