{"id":52,"date":"2019-08-26T08:25:42","date_gmt":"2019-08-26T08:25:42","guid":{"rendered":"http:\/\/bethge-roedenbeck.de\/?page_id=52"},"modified":"2019-09-02T07:53:51","modified_gmt":"2019-09-02T07:53:51","slug":"fabian-bethge","status":"publish","type":"page","link":"https:\/\/bethge-roedenbeck.de\/?page_id=52","title":{"rendered":"Fabian Bethge"},"content":{"rendered":"\n<h2 class=\"wp-block-heading\"><strong>Zur Person:<\/strong><\/h2>\n\n\n\n<p><strong>Fabian Bethge<\/strong>, geboren 1967 in L\u00fcneburg. Abitur in \nScharnebeck, danach Grundwehrdienst in L\u00fcneburg und  anschlie\u00dfend \nStudium der  Rechtswissenschaften in G\u00f6ttingen.&nbsp; Seit Oktober 1997 \nRechtsanwalt in L\u00fcneburg,  auftretungsberechtigt vor  allen Amts\u2013, Land\u2013\n und Oberlandesgerichten  in der Bundesrepublik  Deutschland.<\/p>\n\n\n\n<p><strong>Fachanwalt f\u00fcr Verkehrsrecht <\/strong><\/p>\n\n\n\n<p>Zudem wurde der Fachanwaltskurs f\u00fcr Strafrecht mit Erfolg absolviert.<\/p>\n\n\n\n<p>T\u00e4tigkeitsschwerpunkte: Verkehrsrecht, Straf- und  Ordnungswidrigkeitenrecht, F\u00fchrerscheinrecht,  Vertragsrecht, Mietrecht.<\/p>\n\n\n\n<p>Mitglied in den Arbeitsgemeinschaften  Verkehrsrecht und Strafrecht des Deutschen  Anwaltsverein (DAV)<\/p>\n\n\n\n<figure class=\"wp-block-image\"><img loading=\"lazy\" decoding=\"async\" width=\"400\" height=\"300\" src=\"http:\/\/bethge-roedenbeck.de\/wp-content\/uploads\/2019\/09\/Bild10.jpg\" alt=\"\" class=\"wp-image-134\" srcset=\"https:\/\/bethge-roedenbeck.de\/wp-content\/uploads\/2019\/09\/Bild10.jpg 400w, https:\/\/bethge-roedenbeck.de\/wp-content\/uploads\/2019\/09\/Bild10-300x225.jpg 300w\" sizes=\"auto, (max-width: 400px) 100vw, 400px\" \/><\/figure>\n","protected":false},"excerpt":{"rendered":"<p>Zur Person: Fabian Bethge, geboren 1967 in L\u00fcneburg. Abitur in Scharnebeck, danach Grundwehrdienst in L\u00fcneburg und anschlie\u00dfend Studium der Rechtswissenschaften in G\u00f6ttingen.&nbsp; Seit Oktober 1997 Rechtsanwalt in L\u00fcneburg, auftretungsberechtigt vor allen Amts\u2013, Land\u2013 und Oberlandesgerichten in der Bundesrepublik Deutschland. Fachanwalt f\u00fcr Verkehrsrecht Zudem wurde der Fachanwaltskurs f\u00fcr Strafrecht mit Erfolg absolviert. T\u00e4tigkeitsschwerpunkte: Verkehrsrecht, Straf- und<\/p>\n<p class=\"more-link\"><a href=\"https:\/\/bethge-roedenbeck.de\/?page_id=52\" class=\"themebutton\">Read More<\/a><\/p>\n","protected":false},"author":1,"featured_media":0,"parent":0,"menu_order":0,"comment_status":"closed","ping_status":"closed","template":"","meta":{"footnotes":""},"class_list":["post-52","page","type-page","status-publish","hentry"],"_links":{"self":[{"href":"https:\/\/bethge-roedenbeck.de\/index.php?rest_route=\/wp\/v2\/pages\/52","targetHints":{"allow":["GET"]}}],"collection":[{"href":"https:\/\/bethge-roedenbeck.de\/index.php?rest_route=\/wp\/v2\/pages"}],"about":[{"href":"https:\/\/bethge-roedenbeck.de\/index.php?rest_route=\/wp\/v2\/types\/page"}],"author":[{"embeddable":true,"href":"https:\/\/bethge-roedenbeck.de\/index.php?rest_route=\/wp\/v2\/users\/1"}],"replies":[{"embeddable":true,"href":"https:\/\/bethge-roedenbeck.de\/index.php?rest_route=%2Fwp%2Fv2%2Fcomments&post=52"}],"version-history":[{"count":2,"href":"https:\/\/bethge-roedenbeck.de\/index.php?rest_route=\/wp\/v2\/pages\/52\/revisions"}],"predecessor-version":[{"id":135,"href":"https:\/\/bethge-roedenbeck.de\/index.php?rest_route=\/wp\/v2\/pages\/52\/revisions\/135"}],"wp:attachment":[{"href":"https:\/\/bethge-roedenbeck.de\/index.php?rest_route=%2Fwp%2Fv2%2Fmedia&parent=52"}],"curies":[{"name":"wp","href":"https:\/\/api.w.org\/{rel}","templated":true}]}}